-42 - 12. Let h be s/(-4) - 1/4. What are the prime factors of (-3)/9*(h + 1)?
2
Let n = 294 - 164. What are the prime factors of n?
2, 5, 13
List the prime factors of (-434)/(-21) + (-4)/6.
2, 5
Let n(a) = a**3 - 8*a**2 + 8. Suppose -3*r = 3*v + 12, 5*v = 4*r + 15 + 1. Suppose v*b - 32 = -4*b. What are the prime factors of n(b)?
2
Suppose 0 = -45*d + 40*d + 35. What are the prime factors of d?
7
Let y = -10 - -12. Suppose -2*h = -y*k - 3*k + 85, 4*h = 2*k - 34. What are the prime factors of k?
17
Let d = -160 + 228. List the prime factors of d.
2, 17
Let v(f) = 4*f**2 - 3*f - 3. Let j be 2*-1 - (-11 + 5). List the prime factors of v(j).
7
Let t = 21 - 2. What are the prime factors of t?
19
Suppose -u = 3*u + 3*z - 101, -4*u = 5*z - 107. What are the prime factors of u?
23
Let d be 74 - 6/(6/2). Suppose 5*k - k = -d. What are the prime factors of k/(-4)*4/3?
2, 3
Suppose -8*p + 4*p = -12. Suppose -11 = -p*a + 2*l, 0 = -0*a + a + 2*l - 17. What are the prime factors of a?
7
Suppose -6*q - 22 + 4 = 0. What are the prime factors of q/(1*(-6)/82)?
41
Let j = -56 + 123. List the prime factors of j.
67
Let o(w) = 2*w**2. Let z be o(1). Suppose 0 = u - 0*u + z. Let y = u - -5. What are the prime factors of y?
3
Suppose -4*z + 0*z + 16 = 0, 4*z + 56 = 2*y. Let t = y + -18. What are the prime factors of t?
2, 3
Suppose 4*p = 6*p + 2. Let u(c) = -c**3 - 4*c**2 + 9*c + 8. Let o(h) = h**2 + h + 1. Let j(y) = p*u(y) + o(y). List the prime factors of j(-6).
5
Suppose 0 = -2*y - 10*y + 2736. List the prime factors of y.
2, 3, 19
Let h be 2/6 - 8/(-12). Suppose h - 19 = -3*o. What are the prime factors of 3*-2*o/(-9)?
2
List the prime factors of 4/(-18) + (-7)/(252/(-3104)).
2, 43
Let x(z) = -z**2 - 12*z + 13. What are the prime factors of x(-12)?
13
Let v = -18 + 244. List the prime factors of v.
2, 113
Let h(o) = -8*o**3 - o**2 - o - 1. Let b be h(-1). Let m(v) = v + 2. List the prime factors of m(b).
3
Suppose 3*g - 2*g - 101 = 0. Let o = g + -69. List the prime factors of o.
2
Let u(x) = x**2 - 3*x - 5. Let z be u(5). Suppose d = z*d. Suppose -4 + d = -b. List the prime factors of b.
2
Suppose -155 = 3*z - 419. What are the prime factors of z?
2, 11
Let b(l) = 2*l**2 + 4*l - 5. Let z = -16 + 11. What are the prime factors of b(z)?
5
Let h = -17 + 19. Suppose 29 - h = 3*y. List the prime factors of y.
3
Let q(j) = -j + 2. Let a be q(-9). Let z = 5 + a. What are the prime factors of z?
2
Let s = 55 + 16. List the prime factors of s.
71
Suppose 0 = -2*s + 23 - 5. Suppose -q - s = 5*w, 0 = q - 3*w - w - 36. List the prime factors of q/(-12)*30/(-4).
2, 5
Let j(p) be the second derivative of -p**5/20 - p**4/6 + 4*p. List the prime factors of j(-4).
2
Suppose 0 = w - 1, p = 6*p - w + 46. Let h(c) = c**3 + 10*c**2 + 6*c - 13. What are the prime factors of h(p)?
2, 7
Let x = -211 + 317. What are the prime factors of x?
2, 53
Let w = 73 + -15. What are the prime factors of w?
2, 29
Let q be 3 - (-3 - (-6 + 3)). Let p(z) = z**2 + 2*z. List the prime factors of p(q).
3, 5
Let p = 12 + -33. Let o = p - -43. List the prime factors of o.
2, 11
Suppose -2*q = -4*q. Suppose 3*r + r + 208 = q. List the prime factors of r/(-9) + (-2)/(-9).
2, 3
What are the prime factors of (-99)/(-2)*6/9?
3, 11
Let s = 8 - 6. Suppose i - 4 + 0 = -d, 5*d + 15 = s*i. List the prime factors of i.
5
Suppose 171*u - 174*u + 1062 = 0. What are the prime factors of u?
2, 3, 59
Let x = 8 - -15. List the prime factors of x.
23
Let n(i) = 3*i**3 - 2*i**2 + 4. Let l(j) = 4*j**3 - 2*j**2 - j + 5. Let u(s) = 5*l(s) - 6*n(s). List the prime factors of u(3).
2, 29
Let o(v) = v**2 + 4*v. Let u be o(-4). Suppose -2*s = d + s + 1, u = -4*d + 5*s + 13. List the prime factors of d.
2
Let x(o) = 2*o**2 - 3*o + 1. Suppose 4*y + 25 - 9 = 0. Let r be x(y). List the prime factors of r/3*6/10.
3
Let t = -3 + 6. Suppose -4*h + n + 53 = 0, n + t = 2. What are the prime factors of h?
13
Suppose 0 = -3*z + 4*k - 40, 3*z + 0*k - 2*k = -32. What are the prime factors of (-1)/(z/(-9) + -1)?
3
Let w = 11 + 33. What are the prime factors of w?
2, 11
Let t(o) = -o**2 + 13*o - 6. Let h be t(6). Suppose q = 2*i - h, 2*i + q + 3*q - 46 = 0. What are the prime factors of i?
19
Suppose 2*u + d - 130 = 0, 5*u + 5*d + 183 - 513 = 0. What are the prime factors of u?
2
Suppose -112 = j + 4*z - 367, 5*j = 2*z + 1231. Suppose -46 = -5*b + 4*b - 3*m, 5*b - 2*m = j. What are the prime factors of b?
7
Let x(p) = p + 10. Let n be x(-7). Let c(w) = -2*w + n*w - 4*w. What are the prime factors of c(-3)?
3
Suppose -104 = 3*l + 4*g - 0*g, 13 = -l + 3*g. Let s = -15 - l. Suppose -2*d + 3 = -s. List the prime factors of d.
2
Let i = -84 - -195. List the prime factors of i.
3, 37
Let y = 0 + 8. List the prime factors of y.
2
Let d(k) = 21*k - 3. Let h be d(-2). List the prime factors of 626/18 + (-10)/h.
5, 7
Let q = -25 - -23. What are the prime factors of q*(-16 + 3 + -7)?
2, 5
Suppose 6*q - 3*q - 4*d - 4 = 0, 20 = 4*d. Suppose 4*w + 9 + 3 = 0. Let o = q - w. List the prime factors of o.
11
Suppose -30*s + 82 = -29*s. List the prime factors of s.
2, 41
Let k(w) = -12*w - 13. What are the prime factors of k(-8)?
83
Let j(m) = 2*m**2 + 37*m + 80. What are the prime factors of j(-23)?
7, 41
Let m = 57 - -107. What are the prime factors of m?
2, 41
Let f(m) = m + 4. Let s be (-4)/(-3)*18/(-4). Let y be f(s). List the prime factors of 7 - 1 - (3 + y).
5
Suppose 10 = 2*y, 4*r + y = -y + 86. Suppose 2*w + w = 4*g - 76, -g - 4*w = -r. List the prime factors of g.
19
Let h(i) = 3*i**2 + 2*i - 2. Let o be h(2). List the prime factors of 7*((-72)/o)/(-3).
2, 3
Let l = 259 + -128. What are the prime factors of l?
131
Let x = 38 - -31. List the prime factors of x.
3, 23
Suppose -4*q + 19 = 7. Let h = 4 + q. List the prime factors of h.
7
Suppose 4*h - 89 = 2*w + 23, 8 = 4*w. List the prime factors of h.
29
Let g be 4/(-10) - 12/(-5). Suppose -3*k + g*v + 38 = 0, -2*k - k - 3*v + 18 = 0. List the prime factors of k.
2, 5
Let g = -8 + 10. Suppose 4*y + 6 = q - g, 4*q + 3*y = 89. What are the prime factors of q?
2, 5
Suppose 2*j - 102 = -3*u + 56, 0 = 5*u - 2*j - 258. List the prime factors of u.
2, 13
Suppose q = 2*q - 17. Suppose -3*v + 4 = j, -36 = -5*j - 4*v + q. List the prime factors of j.
13
Suppose -4 = 4*z - 5*z. Suppose -4*s + z*n + 140 = 0, 3*n = -0*s + s - 45. List the prime factors of s.
2, 3, 5
Let a(r) = -r**3 + 4*r**2 + 19*r. List the prime factors of a(6).
2, 3, 7
Suppose 4*y - 29 - 91 = 0. List the prime factors of y.
2, 3, 5
What are the prime factors of -186*(10/(-6))/5?
2, 31
Suppose 5*i = 2*w + 140, -5*w - 98 = -3*i - w. What are the prime factors of i?
2, 13
Let c = 2 + 2. Suppose c*w = 31 + 41. Suppose 0*j + 5 = j, 2*u = -2*j + w. What are the prime factors of u?
2
Let r be -39*((-1)/(-3) + 0). Let b = r + 27. What are the prime factors of b?
2, 7
Let n(j) = -j - 3. Let o be n(-8). Let z = -5 + o. Suppose c + 6 - 21 = z. What are the prime factors of c?
3, 5
Let f(t) = -t**3 + 2*t - 1. Let w be f(-2). Suppose -2*n = 4*j + 8, n - 5*n + 28 = -w*j. Let l(c) = -2*c. List the prime factors of l(j).
2
Let p(v) = -2*v + 10. List the prime factors of p(-4).
2, 3
Let h = 8 - 35. Let t = h + 40. What are the prime factors of t?
13
Let t(p) = p - 1. Let l be t(1). Let h = l + 18. What are the prime factors of h?
2, 3
Let f(j) = -3*j**2 + 7*j - 1. Let r(w) = -w**2 + 3*w. Let m(q) = -2*f(q) + 5*r(q). List the prime factors of m(3).
2, 7
Suppose 4*i - 15 = -4*b + 285, i + 4*b = 60. What are the prime factors of i?
2, 5
Suppose -1990 = -5*s - 460. What are the prime factors of s?
2, 3, 17
Suppose 4*u - 18 = 54. What are the prime factors of u?
2, 3
Let s(c) = c**2 + 5*c + 4. Let u be s(-4). Let f be (-12)/9*3*-2. What are the prime factors of (0 - f - u)*-1?
2
Let l(a) = -a**2 + 1 + 2*a**2 - 3. Suppose v = 3*v - 3*b - 6, 4*b + 28 = -4*v. List the prime factors of l(v).
7
Suppose -4*l + 171 = -5*k - 10, -l - 4*k = -19. Let d = -30 + 126. Suppose -2*b + d = 4*n + 2*b, l = n + 4*b. List the prime factors of n.
19
Let y(n) = n**3 - 1 - 5*n**2 - 1 + 6*n + 1. Let b = 33 + -29. List the prime factors of y(b).
7
Suppose -2*o = -3 - 3. Suppose -o*x + 6 = -39. List the prime factors of x.
3, 5
Let t(i) = -4*i**3 - i**2 - i - 2. Let q be t(-2). Let u be -2